2
Let l(b) = -4*b - 8. Let x be l(-3). Let v(i) = -i**3 + 13*i**2 + 2*i + 2. Let f be v(13). What is the greatest common divisor of x and f?
4
Suppose 2*n + 2*x = 4 + 30, -4 = -2*x. What is the greatest common factor of 35 and n?
5
Let t = -425 - -443. What is the highest common factor of 522 and t?
18
Let u(z) = -4*z - 15. Let h = -18 - -20. Suppose -9 - 1 = h*i. Let o be u(i). What is the greatest common factor of o and 1?
1
Let w be (1 - 15 - -9) + 605. What is the highest common factor of 20 and w?
20
Let j(y) = -y**3 + 2. Let d be j(-2). Let h = 8 - d. Let g be (-161)/14*(h - 2). Calculate the greatest common divisor of g and 23.
23
Suppose -2*g = 2*j, -g - 2*g - 4*j - 3 = 0. What is the highest common divisor of g and 24?
3
Let a be -8 + 14 - (-7)/((-28)/(-1824)). Calculate the highest common factor of 264 and a.
66
Let w(h) = -30*h + 3. Let g = -3 + 1. Let i be w(g). Calculate the highest common divisor of i and 42.
21
Let x be 7/((-28)/370)*(-12)/15. Let l = 121 - x. Calculate the greatest common factor of 188 and l.
47
Suppose -5*k + k = 4, 2*k - 42 = -2*a. Calculate the greatest common divisor of a and 187.
11
Suppose -4*r = 4*j + r - 136, -66 = -2*j - 2*r. What is the highest common factor of 261 and j?
29
Let t be (-2 + 86)/(78/728). Calculate the greatest common factor of t and 98.
98
Let c = 637 + -1060. Let l = c - -630. What is the highest common divisor of 9 and l?
9
Let d = -94 + 115. Let b be 4*(3/2 + 2). What is the highest common factor of d and b?
7
Suppose 8 = u + 2*a, -3*u + 8*u - 13 = -a. Suppose 3*l + u*b - 29 = 12, -b + 27 = 2*l. Suppose 5*r - l = -3. What is the greatest common divisor of r and 18?
2
Let q be (-6)/8*-5*(-24)/(-90). Let m(r) = 63*r**2 - 5*r + 2. Let u be m(q). What is the greatest common divisor of u and 84?
12
Let a be 6/(-4)*(-22)/3*1. Let i be (-1392)/(-33) - 2/a. Calculate the highest common divisor of 6 and i.
6
Suppose 154*x + 70 = 159*x. What is the greatest common divisor of 203 and x?
7
Let f be (130 + -251)*6/(-11). Suppose 2*d - 5*d = -99. Calculate the greatest common divisor of f and d.
33
Suppose -3*g = 4*c - 418 + 96, 2*g - 5*c = 184. Suppose 7*h - 358 + 120 = 0. Calculate the highest common divisor of h and g.
34
Let t = -79 - -239. Calculate the highest common factor of 240 and t.
80
Let f be -2 - (3 + -1)*-1. Let q = 9 + f. Suppose 16 + q = 5*s. What is the highest common factor of 35 and s?
5
Suppose 0 = 8*w + 460 - 516. Calculate the highest common divisor of 427 and w.
7
Let v = 391 - 357. Calculate the greatest common factor of 153 and v.
17
Suppose -5*s = -r - 284, -3*r = -s + 3*s - 100. Calculate the greatest common divisor of 70 and s.
14
Let g(m) = 31*m + 47. Let i be g(7). What is the highest common divisor of 33 and i?
33
Suppose 0 = -c - 1, 5*c - 69 = -3*b + 91. Suppose b - 319 = -4*s. Let i = -76 - -82. Calculate the highest common factor of i and s.
6
Let y(i) = i**2 + 45*i - 16. Let g be y(-48). Calculate the highest common divisor of 32 and g.
32
Let q(b) = b**3 - 4*b**2 - 5*b + 9. Let c be q(5). Calculate the greatest common divisor of 117 and c.
9
Let p(s) = 3*s + 84. Let i be p(-10). Calculate the greatest common factor of 18 and i.
18
Suppose -c + 3 = 0, u + 2*c - 4 = 8. Suppose -3534 + 1038 = -52*y. What is the highest common divisor of u and y?
6
Let o = -1298 + 1820. What is the greatest common factor of 18 and o?
18
Let q(y) be the first derivative of -y**4/4 + 7*y**3/3 + y**2/2 + 5*y - 9. Let d be q(7). What is the greatest common divisor of d and 12?
12
Suppose 19*z - 26*z = -1232. Calculate the highest common divisor of 48 and z.
16
Let w be (-1)/(((-12)/(-440))/(-3)). Suppose -4*x + 10*r + 230 = 5*r, 5*r + w = 2*x. Suppose -3*f + 45 = -27. What is the highest common factor of x and f?
12
Suppose 39 - 23 = -2*a. Let q be (-145)/(-5) + a/2. Calculate the highest common factor of 10 and q.
5
Let l = 31 - 22. Suppose -4*x + 3*u + 7 = 0, 5*x - 2*u = 2*u + 9. What is the greatest common factor of x and l?
1
Let q = 145 + -70. Suppose -5*u - 4 = -3*a - 37, -4*a + 34 = 2*u. Suppose -u*z + 67 = -158. What is the greatest common divisor of z and q?
25
Let c(l) = -3*l + 40. Let f be c(10). Let a be (170/(-3))/(1*(-1)/3). What is the highest common divisor of f and a?
10
Suppose 0 = 83*o - 0*o - 747. Suppose -y + 6*y = -170. Let z be (2 - (2 + y)) + 2. Calculate the greatest common divisor of o and z.
9
Suppose 2*v + 9 - 1 = 0. Let z(q) = 8*q**3 + 6*q**2 + 7*q + 4. Let w be z(v). Let r be (-1 - -1) + w/(-5). Calculate the highest common divisor of 8 and r.
8
Let q(t) = -t + 3. Suppose 2*c = 7*c + 20. Let o be q(c). Suppose 2*h - o = 5. What is the highest common divisor of h and 6?
6
Let t(h) = -h - 18. Let y be 145/(-11) - (-4)/22. Let b be t(y). Let c be (21/(-15) - 3)*b. What is the highest common factor of 88 and c?
22
Suppose 0 = m + 8*m - 468. What is the highest common divisor of m and 16?
4
Suppose 7*g - 17 = -5*y + 4*g, -3*y + 5*g = -17. Suppose -y*h = -1 - 131. What is the highest common factor of 132 and h?
33
Let x(a) = -9*a - 21. Let i(g) = -1. Let l(h) = -72*i(h) + 3*x(h). Let r be l(-1). Calculate the greatest common divisor of 4 and r.
4
Suppose 0*r + 4*r = 72. Suppose 10 = -h - 0*h + 5*y, 2*h + 2*y = -8. Let k be 322/6 + h/(-15). What is the highest common factor of r and k?
18
Suppose -7*l + 214 = -94. What is the highest common factor of 572 and l?
44
Let u be (-6)/(-1)*(53 + -3). What is the greatest common divisor of 12 and u?
12
Let v(u) = -12*u + 4. Let y be v(-6). Suppose 4 = -2*n + y. What is the highest common divisor of n and 180?
36
Let z = -25 + 33. Suppose 0 = 3*u - u - z, -331 = -5*x - 4*u. Calculate the greatest common factor of 7 and x.
7
Suppose -37*a + 154 = -23*a. What is the highest common factor of 187 and a?
11
Suppose 99*a - 187 = 82*a. What is the highest common divisor of 66 and a?
11
Let b = 141 + -93. Let s = -37756 - -37768. What is the greatest common divisor of b and s?
12
Let v = 186 + -102. Calculate the greatest common factor of 35 and v.
7
Let h be 570/(-4)*(-18)/27. Calculate the highest common factor of 19 and h.
19
Let p(a) = 17*a - 108. Let k be p(7). Calculate the highest common divisor of k and 5.
1
Let s = -36 + 24. Let r = s + 15. Suppose 0 = -r*c, -4*k - c + 5*c + 644 = 0. What is the greatest common factor of 23 and k?
23
Let k = 354 - 314. What is the greatest common factor of k and 5?
5
Let d = 309 + -287. What is the highest common divisor of 2 and d?
2
Suppose -n - 524 = -3*m, -5*m + 716 = -m + 3*n. Let c = -5 + 6. Suppose -2*u + c = -43. What is the highest common divisor of m and u?
22
Suppose 692*o + 22 = 694*o. Calculate the highest common divisor of o and 638.
11
Let m = 67 - 43. Let b be -5*3*(-3)/45*2. Let a be (4 - 8) + b + 38. What is the highest common divisor of m and a?
12
Suppose 260 = 5*f - 5*i, -2*f - 3*i = -121 + 2. What is the greatest common factor of 143 and f?
11
Let c be 34 + (-10)/(-25)*-5. Calculate the highest common divisor of 24 and c.
8
Let b(v) = -85*v - 323. Let n be b(-4). What is the greatest common divisor of n and 374?
17
Suppose 5*s - 380 = -2*t - 3*t, 2*t - 2*s = 168. Let y(m) = -7*m + 4. Let v be y(-4). Calculate the highest common factor of t and v.
16
Suppose 7*p - 206 = -143. What is the highest common factor of 243 and p?
9
Suppose 1215 - 1267 = -2*d. Let o be 2*51 - (-5 - -3). Calculate the greatest common factor of d and o.
26
Let z be 4 - (-1 + 0 - 3). Suppose -z*s + 11*s = 30. What is the highest common factor of 15 and s?
5
Suppose -3*a = -0*a - 36. Suppose 10*o + 5*p - 5 = 11*o, 0 = -4*o - 3*p + 95. What is the highest common divisor of o and a?
4
Suppose -5*r + 245 = -10*s + 5*s, 0 = 4*r + s - 176. Calculate the greatest common divisor of r and 324.
9
Let m = 105 + -102. Let b be (-510)/(-17) + 1 + (0 - m). What is the highest common divisor of 252 and b?
28
Suppose -3*i - 4*c - 153 = 0, 85 + 17 = -2*i + 3*c. Suppose 3*b - 5*a = b - 182, -b = 2*a + 91. Let j = i - b. What is the greatest common divisor of j and 8?
8
Suppose -3*p + 8*p = 720. Calculate the highest common divisor of 36 and p.
36
Suppose a - 229 = 5*y, -5*y + 3*a - 235 = 8*a. Let k = y - -86. Let l(g) = -56*g - 8. Let i be l(-8). What is the greatest common factor of k and i?
40
Let g be 4